0. Does 23 divide q?
False
Suppose 4*k - 4334 = 2*r, r + 3250 = -0*k + 3*k. Suppose -k = -14*a + 1703. Is a a multiple of 4?
False
Let v(w) = -31*w + 59. Let h be v(5). Let c be (8/5)/(12/30). Is 14 a factor of ((-148)/16)/(c/h)?
False
Suppose 4*x + 42 = 2*v, 0 = 5*v + x - 16 - 111. Suppose 5*f + 0*f - v = 0. Suppose -r + f*p = -32, -4*p + 61 = 3*r - 54. Does 28 divide r?
False
Let c = -1824 + 1812. Let l = -5 - -8. Is 6 a factor of 1*(c/l - -25)?
False
Suppose 3*y = 5*y - 24. Suppose y*s = 11*s + 257. Suppose -4*d + 2*d = -2, 3*d + s = 5*o. Does 13 divide o?
True
Suppose -9*p = 2*l - 1785, 4*l - 5*p - 784 = 2947. Let h = -22 + 33. Suppose 5*w + l = h*w. Is w a multiple of 11?
True
Let r be (-6)/(-27) - 1059/27. Let t = 42 + r. Suppose 4*x - t*w - 116 = 0, 4*w - 122 = -5*x + 2*w. Does 9 divide x?
False
Suppose 0 = -792*v + 791*v - 136. Does 10 divide (2/(-1))/(v/48892)?
False
Suppose -3*q - 351 = -3*s, -3*s + 2*s - 2*q = -111. Suppose s = 6*c - c. Suppose -4*n = 5*l - 13 - c, -41 = -5*l + n. Does 6 divide l?
False
Suppose -3*o = 5*c - 72, 2*c = 4*c - o - 20. Suppose -6105 = -21*i - c*i. Is 2 a factor of i?
False
Suppose 1124 = -4*j - 2524. Let s = -534 - j. Does 14 divide s?
True
Let q(g) = -g**3 - g**2 + g - 569. Let v be q(0). Suppose 24*l - 27*l = 189. Does 21 divide v/(-9) - (-14)/l?
True
Suppose -f - 8 = -3*s + 3, 5 = s. Suppose f*x = -0*x + 20. Suppose 0 = -a + 5*l + 81 + 19, 4*l = x*a - 437. Does 9 divide a?
False
Let w be (4 + (-5 - (-87)/6))*32. Suppose 2*h + r - 664 = 0, 3*r - 114 = h - w. Is 15 a factor of h?
True
Let j(g) = 30*g**2 + 51*g + 159. Suppose 5*u = -31 - 74. Let r(c) = -3*c**2 - 5*c - 16. Let s(b) = u*r(b) - 2*j(b). Is 12 a factor of s(-7)?
True
Does 94 divide 51933/17 - 5 - 4 - 4/(-34)?
False
Suppose -234 = -23*o - 3*o. Let z(k) = -k**3 + 12*k**2 - 15*k + 2. Is z(o) a multiple of 8?
False
Let m(j) = -62*j + 108. Let o(y) = -41*y + 72. Let f(i) = 5*m(i) - 7*o(i). Is 3 a factor of f(-2)?
False
Let r(k) = 2*k**2 - 36*k - 2. Let j be r(19). Suppose -j - 105 = -3*m. Does 16 divide m?
False
Suppose 0 = -284*q + 296*q - 24. Suppose -4*l = 4*o - 2900, -1450 = -q*o + 11*l - 7*l. Is 25 a factor of o?
True
Let v be -4 + (88/7 - 44/77). Let d be (1 - -3)/(-2)*v/8. Is -3 - (0 + 18)*d a multiple of 11?
True
Let i = 16545 - 13942. Does 50 divide i?
False
Does 10 divide (-18)/33 + -3*(-420260)/330?
True
Let o be -1 + -2 - (-4 - 3). Suppose o*p + 59 = -2*u + 11, -4 = 2*u. Is 6 a factor of (-211)/p - (-2)/(-11)?
False
Let d(n) = -2*n**3 - 12*n**2 - n - 4. Let x be d(-6). Let c(y) = 34 + 13*y**2 - 9*y**2 - 5*y**x - 3*y - 14*y. Does 17 divide c(-17)?
True
Suppose 187 = -4*t - 3*o - 2*o, 5*o = 5. Let a = -181 - t. Is (-57)/a - (-456)/14 a multiple of 6?
False
Suppose 0*y - y + 5*j - 17 = 0, 0 = 3*y + j - 13. Suppose 0 = -7*a - y*a + 1830. Does 19 divide a?
False
Let r(o) = 29*o + 435. Is 42 a factor of r(27)?
True
Suppose 9 = -4*g - 2*w + 11, g - 3*w = 11. Is 2 - (88/110)/(g/(-265)) a multiple of 36?
True
Let i be (-2)/(-4)*-2*-13. Let x(n) = -232*n + 128. Let y(v) = -7*v + 3. Let d(o) = -x(o) + 32*y(o). Is d(i) a multiple of 12?
True
Let a(k) = k**2 + 16*k - 7. Let b be a(-7). Let r = 109 + b. Does 13 divide r?
True
Suppose 0 = 7*f - 5*f - 66. Is 7146/f + 42/(-77) a multiple of 36?
True
Let q(a) = -2*a + 30. Let d be q(14). Suppose d*g = -3*m - g + 798, -5*m + 1340 = -5*g. Suppose 78 = -3*j + m. Is j a multiple of 9?
True
Let d = 18314 - 3940. Is d a multiple of 69?
False
Let j be ((-576)/56)/(-3) + (-12)/(-21). Suppose -4*z - j*u = -3936, 4*z - 262 - 3674 = -5*u. Is 82 a factor of z?
True
Suppose 6144 = -6*z + 8*z. Suppose -16*q + 11136 - z = 0. Is 28 a factor of -3*(-10)/3*q/20?
True
Let q(a) = -3*a**3 - a**2 + 28*a - 3. Let m be q(-6). Let o = -250 + m. Is 10 a factor of o?
False
Let z = 200 - 192. Suppose z*i - 5*i = 420. Does 14 divide i?
True
Let i = -9 - -394. Suppose -3*v + y = -i, -5*v = -8*y + 9*y - 639. Is v a multiple of 23?
False
Is 23 a factor of (21/(-77))/(27/(-66))*(9893 - -1)?
False
Suppose 75 = 3*x + 75. Let y(f) = f**2 - f + 262. Is y(x) a multiple of 62?
False
Let k(f) = 473*f + 6004. Does 20 divide k(34)?
False
Let b = 105 - 163. Let g = b + 64. Suppose -7*w = -g*w - 110. Does 10 divide w?
True
Let i = -5373 - -12783. Is i a multiple of 12?
False
Let q = -12342 + 41393. Is 106 a factor of q?
False
Is (3189 + 2)/((-5)/10)*8/(-16) even?
False
Suppose -70 = -0*h + 5*h. Let y = 19 + h. Suppose 4*c - 265 = -c - 5*j, c + y*j = 73. Does 6 divide c?
True
Let k(l) = -5*l**2 - 6*l - 2. Let u be k(-2). Let d be 3 - (-26)/u - (-3066)/10. Let h = d + -185. Is 16 a factor of h?
False
Let a(g) be the third derivative of -g**6/120 - 3*g**5/10 - 17*g**4/24 + 14*g**3/3 - 26*g**2 + 2*g. Does 2 divide a(-17)?
True
Suppose 180*s + i = 182*s - 3619, 0 = 2*s - 3*i - 3621. Does 10 divide s?
False
Let s be -1 - 27/(-33) - 21914/(-11). Suppose 0 = -21*d + 23*d - s. Is d a multiple of 29?
False
Let t(u) = -2*u**3 + 57*u**2 + 4*u - 6. Let r be t(28). Suppose -j = -11*j + r. Is j a multiple of 9?
False
Let j(g) = -29*g**3 - 3*g**2 - 27*g - 55. Is 110 a factor of j(-5)?
True
Let q = 172 + -168. Suppose q*h = 3*g - 183, 5*g - 2*h = -3*h + 305. Does 5 divide g?
False
Suppose i - 11020 = 4*r, -21*r + 44145 = 4*i - 24*r. Suppose w - i = -15*w. Does 69 divide w?
True
Let t be 48/(-9) + 6 + 617/(-3). Let a = 653 - 346. Let p = a + t. Does 14 divide p?
False
Suppose -105*u = -101*u - 1924. Suppose 0 = -3*h - a + 1459, 2*h - a = h + u. Does 18 divide h?
False
Suppose 2*j - 1 = 1. Suppose -4*o = -3*o + j, 2241 = y - o. Suppose -y = -11*m - 3*m. Is m a multiple of 32?
True
Let c(n) = 9*n**2 - 16*n - 3. Let b be (-56)/(-18) + (104/36 - 3). Is c(b) a multiple of 4?
False
Suppose -8712 - 673 = -5*m. Suppose 3*u = 3*c - 2199, -3*u + 334 = 3*c - m. Suppose 0 = -6*g + g + c. Is 49 a factor of g?
True
Let y(r) = 4*r**2 + r - 2. Let v be y(-2). Let h(f) = -7*f**2 + 10*f - 8. Let s(k) = 17*k**2 - 20*k + 15. Let a(x) = -5*h(x) - 2*s(x). Is a(v) a multiple of 17?
True
Is 48 a factor of (-23524)/4*(0 + -1) - (-138)/23?
False
Suppose -27*a - 129170 + 204175 = -187651. Is 64 a factor of a?
True
Let u be (-3190)/(-33)*(-18)/5 - 4. Let t = u + 395. Does 3 divide t?
False
Suppose -25*l - 27159 + 192841 = -50518. Is 12 a factor of l?
False
Is (-19)/(1254/44) - (-16499)/3 a multiple of 13?
True
Let n be 2*55/(-33)*6/(-4). Suppose -99 - 121 = -n*v. Does 15 divide v?
False
Let u = -412 - -397. Let h(s) = -s**3 - 13*s**2 - 6*s - 47. Does 17 divide h(u)?
True
Let f(t) = 431 + 49*t + 394 - 765. Does 11 divide f(4)?
False
Let t = 3371 + -1899. Suppose 7*i - t = -i. Is i a multiple of 24?
False
Let g(s) = s**2 - 10*s - 31. Let l = 49 - 58. Does 47 divide g(l)?
False
Let v(q) be the first derivative of -49/2*q**2 - 4 + 5*q. Is v(-1) a multiple of 27?
True
Suppose 3*o - 48*g + 45*g - 6999 = 0, -o - 5*g + 2345 = 0. Is o a multiple of 22?
False
Let i = 14296 - 11515. Does 27 divide i?
True
Suppose -36*v + 2*i = -37*v + 47116, -v - 4*i + 47128 = 0. Is v a multiple of 135?
False
Suppose 99 = 37*v - 12. Suppose 3*p = v*x - 28 - 8, 0 = x + 5*p. Is 10 a factor of x?
True
Let g be 28/6*(-30)/(-7). Suppose -5*a = -g, 2*m - 2*a + a - 76 = 0. Suppose -648 = -4*i + w, i = 5*w + 122 + m. Is i a multiple of 27?
True
Suppose 61152 = 31*m - 18*m. Does 56 divide m?
True
Suppose -52*p = -90746 - 28802. Is p even?
False
Let c = 80586 + -56965. Is 79 a factor of c?
True
Does 19 divide (-304)/(-32)*(224 - -2)?
True
Suppose -25*h + 363 = -2462. Suppose 0 = -3*k - u + 312 + h, -5*k - 5*u + 725 = 0. Does 20 divide k?
True
Let x be (-31)/((-31)/72)*2/2. Suppose 2*d = -m + 164, 0 = -2*d - 5*m + 220 - x. Is d a multiple of 11?
False
Let b(l) = l**2 + 14*l + 15. Let o be b(-16). Suppose -k - 8 = -o. Suppose 1011 = 6*w + k. Is 38 a factor of w?
False
Suppose 36 = 6*w - 36. Suppose -p - w*p + 143 = 0. Suppose 8*t + 774 = p*t. Is 25 a factor of t?
False
Let z(g) = g**3 + 56*g**2 - 1293*g + 54. Is z(-73) a multiple of 50?
True
Suppose 2*l = -t - 3*l + 17, 3*t = 5*l + 31. Suppose -9*y + t = -6*y. Suppose 4*v + 12 = y*d, -2*d - v + 24 = 9. Is d a multiple of 6?
True
Suppose -2*i + 1 - 11 = 0. Suppose 132*g = 136*g - 176. Let t = g - i. Is t a multiple of 15?
False
Let a(f) = -19*f + 13 + 2 + 12*f + 3. Let m be a(